(v).
4
Let u(q) = q**2 + q - 1. Suppose 0 = -38*y + 44*y. Suppose 3*b + 3*c - 21 = y, -2*b - 8*c + 9*c = 1. Determine u(b).
5
Let l(b) = -18*b**3 - 1. Let x(h) = -h**2 - 39*h - 221. Let d be x(-32). Let v be 13/(-11) + 124/(-44) + d. Calculate l(v).
17
Let d(j) = 10 - 3*j**2 - 3*j**2 + 11*j + 0*j**2 + 5*j**2. Let f(a) = -a**3 - 21*a**2 - 38*a + 12. Let g be f(-19). What is d(g)?
-2
Suppose 2*q = z - 16, -z = 4*q + 18 + 2. Let a(v) be the second derivative of 1/3*v**4 - 7/6*v**3 + 2*v + 7/2*v**2 + 2 + 1/20*v**5. Give a(q).
-23
Let u(x) be the third derivative of x**6/20 + x**5/60 - x**4/4 - 2*x**3/3 + 4*x**2 + 8. Let m(c) = -5*c**3 + 5*c + 4. Let r(b) = -5*m(b) - 4*u(b). Give r(4).
-8
Let f(k) = -2*k**2 - 82*k - 96. Let c be 121/((-5082)/168)*(-10 - 0)*-1. Calculate f(c).
-16
Let d be -2 - -5 - (0 + -6). Suppose 0 = -3*l + 3 + d. Let o(w) be the first derivative of -w**4/4 + w**3 + 3*w**2 - 4*w + 4357. What is o(l)?
4
Let h(s) = -12 + s - 3*s + 8 + 0 + 1. Let r = 2 - 6. Let l be (4 + -2)/(r/(-10)). Determine h(l).
-13
Let v(u) = u**3 - 4*u**2 + 10*u - 75. Let o be v(5). Suppose o = -24*t - 77 + 173. Let d(m) = -m + 4. Calculate d(t).
0
Let z(m) = m**3 + 60*m**2 + 2*m + 111. Let c be z(-60). Let u(a) = 4*a + 42. Give u(c).
6
Let p(h) = -4 - 2*h**2 - 5*h**2 + 8*h + 0*h**2 + h**3. Let w = 31315 - 31310. What is p(w)?
-14
Let f(h) = -21*h + 46. Let k(d) = -24*d + 45. Let z(p) = 6*f(p) - 5*k(p). Let x be z(9). Let b(g) = 3*g. Calculate b(x).
-9
Let h(k) = 2*k + 5. Let r = 123 - 79. Suppose -40*w + r*w = 20. Calculate h(w).
15
Let z = 165 + -158. Let w(y) = -2*y**2 - 14 - 6*y + z*y**2 + 9 - 4*y**2. Let k be (-22)/(-3) + (-2)/6. Give w(k).
2
Let r(b) be the third derivative of 59*b**4/24 + 236*b**3/3 - b**2 + 547. Give r(-8).
0
Let z(n) be the second derivative of -n**4/12 - 8*n**3/3 + 8*n**2 + 3846*n. Calculate z(-16).
16
Suppose 41*t + 50*t - 114*t + 69 = 0. Let k(h) = 3*h**2 + 2. Determine k(t).
29
Let n(c) = -c**3 + 15*c**2 - 15*c + 18. Suppose 25*q - 12*q = 39. Suppose 2*m + j - 26 = 0, 0 = 4*m - q*m + 5*j - 4. Give n(m).
4
Suppose 230*b - 344*b = 228. Let g(k) = 1 + 4 - 2*k - 3. Determine g(b).
6
Let x(d) = -6*d + 317 - 5*d - 3*d + 3*d + 2*d. Let z be x(35). Let j(w) = w**3 - 2*w**2 + 3*w - 3. What is j(z)?
3
Suppose -21*h + 31 = 4*g - 18*h, -5*g - 3*h + 35 = 0. Let l(i) = -g*i**3 + 7 - 4*i**3 - 7*i**3 + 4*i**2 + 15*i**3 - i**3 + 2*i. Determine l(5).
-8
Suppose 5*k + 5*s + 2 = -13, 4*k - 18 = 2*s. Let u(q) = -4*q**2 + 4. What is u(k)?
-12
Let z(t) = -t**3 - 6*t**2 - 4*t - 5. Suppose 3*d - 9 = -w, -62*d - 45 = 5*w - 65*d. Determine z(w).
19
Let w(m) = 31*m + 5. Let c be ((-1)/3)/((-2)/66). Let g(h) be the second derivative of h**3 + h**2/2 + 8*h + 16. Let i(x) = c*g(x) - 2*w(x). Determine i(-1).
-3
Let l = -14906 + 14904. Let j(q) = 2*q**3 + 3*q**2 - 4*q - 9. Calculate j(l).
-5
Let v(d) = -d**2 - 11. Let z(r) = -7*r**3 - r**2 - 16*r - 17. Let o be z(-1). Give v(o).
-36
Let o(q) = 6*q + 68. Let p be o(-11). Suppose 8*d = -p + 10. Let n(m) = -5*m**3 + m**2 - 2*m + 2. What is n(d)?
-4
Let l be 19 + -12 - (0 - 4*-1). Let z be 325/(-55) + l/(-33). Let h(n) be the second derivative of -n**3/3 - 6*n. Calculate h(z).
12
Let i = 2478 + -2479. Let g(x) = 21*x - 2. Determine g(i).
-23
Let i(t) = t**2 - 33*t + 198. Let r be i(7). Let z(d) = r*d**3 - 2*d**2 + 1 - 49*d**3 + 20*d**3. Let m(g) = g**3 - 3*g**2 - g + 4. Let n be m(3). Give z(n).
-14
Let z = -182 + 184. Suppose -5*i = 0, 2*n - n - 3*i = z*n. Let y(u) = u**2 + u - 49. Calculate y(n).
-49
Let o(j) = -2*j**2 + 98*j + 1476. Let b be o(61). Let z(v) = 2*v**2 - 21*v + 15. Calculate z(b).
51
Let z(d) = 2*d. Let u be (-5 + 1)/((-4)/2). Suppose -u*r - 8 = -2, -5*n + 32 = -4*r. Suppose -n = -10*k + 6*k. Determine z(k).
2
Let n(c) be the third derivative of -c**5/20 - 7*c**4/24 + 47*c**3/6 + 3*c**2 + 128*c - 2. Give n(4).
-29
Let r(q) = -6*q. Let c = -28 - -33. Suppose c*h = 5, -1 - 1 = 5*t + 3*h. Let a be (-2 - t)*(0 + 3)/(-3). Determine r(a).
-6
Let j(l) = 6*l**2 - 2*l + 1. Let h(i) = 32*i**2 - 3*i + 1. Let u be h(2). Let p = 124 - u. Determine j(p).
5
Let l be 5 + 174/(-36) + (-1635)/(-18). Suppose -8*w - l - 13 = 0. Let a(d) = -d**2 - 13*d - 9. Give a(w).
-9
Let s(c) = 24*c - 26. Let d(q) = -11*q + 13. Let b(i) = -9*d(i) - 4*s(i). Determine b(-6).
-31
Let g be (-20)/(-65)*52/8. Let q(m) = m**2 + m - 8. Calculate q(g).
-2
Let q(s) = -15*s**3 - 44*s**2 - 2*s - 16. Let p(t) = -7*t**3 - 22*t**2 - 4*t - 8. Let c(x) = -13*p(x) + 6*q(x). Calculate c(-20).
8
Let h(d) be the second derivative of 1/3*d**3 + 25*d + 3*d**2 - 1/12*d**4 + 0. Let o(k) = -k + 1. Let v be o(-4). Determine h(v).
-9
Let n(o) be the first derivative of -7*o**2/2 + 3*o - 15. Let j(m) = m + 2 - 2. Let p(w) = -6*j(w) - n(w). Determine p(5).
2
Let j be (-1 + 11/5)/(8/(-140)). Let f(o) = -2*o**3 - o**2 + o - 2. Let k(c) = -28*c**3 - 21*c**2 + 21*c - 42. Let i(h) = j*f(h) + k(h). Determine i(-1).
-14
Let u(j) = -15*j + 3. Let v be u(-4). Suppose v = -3*y - 0*y. Let t be 1/((y/(-18))/7). Let x(g) = -g**2 + 2*g + 1. Determine x(t).
-23
Suppose 0 = 4*x - 231 - 165. Let r = x - 102. Let p(s) = 2*s**2 + 3*s + 2. Determine p(r).
11
Suppose -2*h + 11 = -1. Let k(i) = -h*i + 3*i - 2*i - 5 + 8*i. Let n(d) = -6*d + 10. Let g(v) = -5*k(v) - 3*n(v). What is g(6)?
13
Let h(f) be the second derivative of f**5/20 + 5*f**4/12 - f**3/6 - 3*f**2/2 + 8861*f. What is h(-5)?
2
Let i(j) = j**3 - 7*j**2 - 9*j + 1. Suppose 13*a - 10*a = -48. Let r(o) = 7*o + 120. Let d be r(a). Determine i(d).
-7
Let n be 22/2 + -29 + 32. Suppose 3*m + 41 = n. Let v(y) = -y**2 - 10*y - 6. Determine v(m).
3
Let k(z) = 3*z - 22. Let c be k(5). Let d = c - -3. Let x be 1/(d/(-12)) + 1. Let t(b) = b**3 - 5*b**2 + 4*b - 1. Determine t(x).
-1
Let y(k) be the first derivative of k**6/360 - k**5/10 - k**4/6 + 89*k**3/3 - 66. Let d(g) be the third derivative of y(g). Determine d(11).
-15
Let p(q) be the first derivative of -q**5/24 + q**3/3 + 1. Let w(b) be the third derivative of p(b). Let o = -921 + 922. Determine w(o).
-5
Suppose -t + 12 = -3*t + 8. Let m(d) = d**2 + 2*d + 5. Determine m(t).
5
Let o(q) = -q**2 + 7*q + 11. Suppose -4*z + 1432 = 4*a, 3*a = -2*z + 1105 - 386. Suppose 0 = -y + z - 347. Calculate o(y).
3
Let b(j) = 2*j - 6. Suppose 406*y - 400*y = 0. Suppose -w + y*w = -22*w. Give b(w).
-6
Let s be (-11)/((-253)/(-391)) - -15. Let v(d) = -32*d - 56. Calculate v(s).
8
Let h = -2 + -8. Let x(z) be the second derivative of -z**4/12 - 7*z**3/3 - 13*z**2/2 - 4993*z + 9. What is x(h)?
27
Let h(c) be the third derivative of c**6/120 + c**5/6 - c**4/12 + 3*c**2 - 178*c - 1. Let i be -5 + 9/3 + -8. Calculate h(i).
20
Suppose -36 = 3*o - 21*o. Suppose -11*y + 16*y = 2*s - 27, -o*s = -2. Let l(d) = -6*d - 7. Determine l(y).
23
Let z(n) be the second derivative of n**5/20 + n**4/2 + n**3/2 - n**2 - 2*n - 305. What is z(-4)?
18
Let i(h) = h - 4. Let k = 127 - 20. Let b be k/((-4)/(8 + -4)). Let r = -103 - b. Give i(r).
0
Let j(h) = -9*h**2 - 154 - 9*h + 44 + 52 + 50 - h**3 + 0*h. What is j(-6)?
-62
Let x(s) = -s - 4. Let z be x(-7). Let i(n) = 2 - 3909*n**2 + 0*n + 1957*n**2 + 1951*n**2 + n + 2*n. Calculate i(z).
2
Let n(v) = -2*v**2 - v + 1. Let s(z) = 109 + 2*z + z**3 - 108 - z**2 - z**2. Let r(y) = 5*n(y) - s(y). Suppose t - m - 3 = 2*t, 3*t = -5*m - 1. Determine r(t).
4
Let p(w) = -5*w**2 - 7*w. Let y(a) = 9*a**2 + 13*a. Let d(i) = 11*p(i) + 6*y(i). Let b(o) = -o**2 + 4*o - 3. Let x be b(2). Suppose 3*r - 8 = x. Calculate d(r).
-6
Let y(j) = 19*j - 16*j - 2 - 6*j + j**2. Let z(k) = k**2 - k - 1. Let p(c) = 2*y(c) - 4*z(c). Determine p(-3).
-12
Let d(o) = 35*o - 5. Let x(r) = 14*r**2 + 969*r + 207. Let w be x(-69). Determine d(w).
-5
Let w(h) = -h**3 + 9*h**2 - 22*h + 479. Let c be w(11). Let t(d) = -d**3 - 2*d**2 + 7*d + 3. Determine t(c).
43
Suppose g = 3*p - 11, 2 + 14 = 2*p - 5*g. Suppose -5*s - 80 = 5*y, p*s = 5*y + s + 45. Let n(k) = k**3 + 10*k**2 - 11*k + 1. Give n(y).
1
Let l(g) = g**3 - 9*g**2 + g - 7. Let h(k) = k**2 + k + 3. Let r be h(2). Suppose 13*x - 60 = r*x. Let f = 24 - x. Determine l(f).
2
Let l(m) = -8*m**2 - 10*m**2 + m**2 - 1 + m. Let j(p) = 175*p**2 + 7*p - 44 - 6*p - 173*p**2. Let c be j(-5). Give l(c).
-17
Suppose 38*t = 60 + 54. Let r(h) be the second derivati